{"id":38,"date":"2023-08-22T15:36:57","date_gmt":"2023-08-22T14:36:57","guid":{"rendered":"https:\/\/emmaus-elbeuf.com\/?page_id=38"},"modified":"2023-08-22T15:36:57","modified_gmt":"2023-08-22T14:36:57","slug":"accueil","status":"publish","type":"page","link":"https:\/\/emmaus-elbeuf.com\/?page_id=38","title":{"rendered":"Accueil"},"content":{"rendered":"","protected":false},"excerpt":{"rendered":"","protected":false},"author":1,"featured_media":0,"parent":0,"menu_order":0,"comment_status":"closed","ping_status":"closed","template":"","meta":{"om_disable_all_campaigns":false,"_monsterinsights_skip_tracking":false,"_monsterinsights_sitenote_active":false,"_monsterinsights_sitenote_note":"","_monsterinsights_sitenote_category":0,"footnotes":""},"yoast_head":"<!-- This site is optimized with the Yoast SEO plugin v21.1 - https:\/\/yoast.com\/wordpress\/plugins\/seo\/ -->\n<title>Accueil - Emma\u00fcs Elbeuf<\/title>\n<meta name=\"robots\" content=\"index, follow, max-snippet:-1, max-image-preview:large, max-video-preview:-1\" \/>\n<link rel=\"canonical\" href=\"https:\/\/emmaus-elbeuf.com\/?page_id=38\" \/>\n<meta property=\"og:locale\" content=\"en_US\" \/>\n<meta property=\"og:type\" content=\"article\" \/>\n<meta property=\"og:title\" content=\"Accueil - Emma\u00fcs Elbeuf\" \/>\n<meta property=\"og:url\" content=\"https:\/\/emmaus-elbeuf.com\/?page_id=38\" \/>\n<meta property=\"og:site_name\" content=\"Emma\u00fcs Elbeuf\" \/>\n<meta property=\"article:publisher\" content=\"https:\/\/www.facebook.com\/emmaus.elbeuf\" \/>\n<meta name=\"twitter:card\" content=\"summary_large_image\" \/>\n<meta name=\"twitter:site\" content=\"@emmauselbeuf\" \/>\n<script type=\"application\/ld+json\" class=\"yoast-schema-graph\">{\"@context\":\"https:\/\/schema.org\",\"@graph\":[{\"@type\":\"WebPage\",\"@id\":\"https:\/\/emmaus-elbeuf.com\/?page_id=38\",\"url\":\"https:\/\/emmaus-elbeuf.com\/?page_id=38\",\"name\":\"Accueil - Emma\u00fcs Elbeuf\",\"isPartOf\":{\"@id\":\"https:\/\/emmaus-elbeuf.com\/#website\"},\"datePublished\":\"2023-08-22T14:36:57+00:00\",\"dateModified\":\"2023-08-22T14:36:57+00:00\",\"breadcrumb\":{\"@id\":\"https:\/\/emmaus-elbeuf.com\/?page_id=38#breadcrumb\"},\"inLanguage\":\"en-US\",\"potentialAction\":[{\"@type\":\"ReadAction\",\"target\":[\"https:\/\/emmaus-elbeuf.com\/?page_id=38\"]}]},{\"@type\":\"BreadcrumbList\",\"@id\":\"https:\/\/emmaus-elbeuf.com\/?page_id=38#breadcrumb\",\"itemListElement\":[{\"@type\":\"ListItem\",\"position\":1,\"name\":\"Home\",\"item\":\"https:\/\/emmaus-elbeuf.com\/\"},{\"@type\":\"ListItem\",\"position\":2,\"name\":\"Accueil\"}]},{\"@type\":\"WebSite\",\"@id\":\"https:\/\/emmaus-elbeuf.com\/#website\",\"url\":\"https:\/\/emmaus-elbeuf.com\/\",\"name\":\"Emma\u00fcs Elbeuf\",\"description\":\"Communaut\u00e9 Emma\u00fcs Elbeuf\",\"publisher\":{\"@id\":\"https:\/\/emmaus-elbeuf.com\/#organization\"},\"potentialAction\":[{\"@type\":\"SearchAction\",\"target\":{\"@type\":\"EntryPoint\",\"urlTemplate\":\"https:\/\/emmaus-elbeuf.com\/?s={search_term_string}\"},\"query-input\":\"required name=search_term_string\"}],\"inLanguage\":\"en-US\"},{\"@type\":\"Organization\",\"@id\":\"https:\/\/emmaus-elbeuf.com\/#organization\",\"name\":\"Emma\u00fcs Elbeuf\",\"url\":\"https:\/\/emmaus-elbeuf.com\/\",\"logo\":{\"@type\":\"ImageObject\",\"inLanguage\":\"en-US\",\"@id\":\"https:\/\/emmaus-elbeuf.com\/#\/schema\/logo\/image\/\",\"url\":\"http:\/\/emmaus-elbeuf.com\/wp-content\/uploads\/2023\/08\/logo-emmaus.png\",\"contentUrl\":\"http:\/\/emmaus-elbeuf.com\/wp-content\/uploads\/2023\/08\/logo-emmaus.png\",\"width\":719,\"height\":800,\"caption\":\"Emma\u00fcs Elbeuf\"},\"image\":{\"@id\":\"https:\/\/emmaus-elbeuf.com\/#\/schema\/logo\/image\/\"},\"sameAs\":[\"https:\/\/www.facebook.com\/emmaus.elbeuf\",\"https:\/\/twitter.com\/emmauselbeuf\",\"https:\/\/www.instagram.com\/emmaus.elbeuf\/\"]}]}<\/script>\n<!-- \/ Yoast SEO plugin. -->","yoast_head_json":{"title":"Accueil - Emma\u00fcs Elbeuf","robots":{"index":"index","follow":"follow","max-snippet":"max-snippet:-1","max-image-preview":"max-image-preview:large","max-video-preview":"max-video-preview:-1"},"canonical":"https:\/\/emmaus-elbeuf.com\/?page_id=38","og_locale":"en_US","og_type":"article","og_title":"Accueil - Emma\u00fcs Elbeuf","og_url":"https:\/\/emmaus-elbeuf.com\/?page_id=38","og_site_name":"Emma\u00fcs Elbeuf","article_publisher":"https:\/\/www.facebook.com\/emmaus.elbeuf","twitter_card":"summary_large_image","twitter_site":"@emmauselbeuf","schema":{"@context":"https:\/\/schema.org","@graph":[{"@type":"WebPage","@id":"https:\/\/emmaus-elbeuf.com\/?page_id=38","url":"https:\/\/emmaus-elbeuf.com\/?page_id=38","name":"Accueil - Emma\u00fcs Elbeuf","isPartOf":{"@id":"https:\/\/emmaus-elbeuf.com\/#website"},"datePublished":"2023-08-22T14:36:57+00:00","dateModified":"2023-08-22T14:36:57+00:00","breadcrumb":{"@id":"https:\/\/emmaus-elbeuf.com\/?page_id=38#breadcrumb"},"inLanguage":"en-US","potentialAction":[{"@type":"ReadAction","target":["https:\/\/emmaus-elbeuf.com\/?page_id=38"]}]},{"@type":"BreadcrumbList","@id":"https:\/\/emmaus-elbeuf.com\/?page_id=38#breadcrumb","itemListElement":[{"@type":"ListItem","position":1,"name":"Home","item":"https:\/\/emmaus-elbeuf.com\/"},{"@type":"ListItem","position":2,"name":"Accueil"}]},{"@type":"WebSite","@id":"https:\/\/emmaus-elbeuf.com\/#website","url":"https:\/\/emmaus-elbeuf.com\/","name":"Emma\u00fcs Elbeuf","description":"Communaut\u00e9 Emma\u00fcs Elbeuf","publisher":{"@id":"https:\/\/emmaus-elbeuf.com\/#organization"},"potentialAction":[{"@type":"SearchAction","target":{"@type":"EntryPoint","urlTemplate":"https:\/\/emmaus-elbeuf.com\/?s={search_term_string}"},"query-input":"required name=search_term_string"}],"inLanguage":"en-US"},{"@type":"Organization","@id":"https:\/\/emmaus-elbeuf.com\/#organization","name":"Emma\u00fcs Elbeuf","url":"https:\/\/emmaus-elbeuf.com\/","logo":{"@type":"ImageObject","inLanguage":"en-US","@id":"https:\/\/emmaus-elbeuf.com\/#\/schema\/logo\/image\/","url":"http:\/\/emmaus-elbeuf.com\/wp-content\/uploads\/2023\/08\/logo-emmaus.png","contentUrl":"http:\/\/emmaus-elbeuf.com\/wp-content\/uploads\/2023\/08\/logo-emmaus.png","width":719,"height":800,"caption":"Emma\u00fcs Elbeuf"},"image":{"@id":"https:\/\/emmaus-elbeuf.com\/#\/schema\/logo\/image\/"},"sameAs":["https:\/\/www.facebook.com\/emmaus.elbeuf","https:\/\/twitter.com\/emmauselbeuf","https:\/\/www.instagram.com\/emmaus.elbeuf\/"]}]}},"_links":{"self":[{"href":"https:\/\/emmaus-elbeuf.com\/index.php?rest_route=\/wp\/v2\/pages\/38"}],"collection":[{"href":"https:\/\/emmaus-elbeuf.com\/index.php?rest_route=\/wp\/v2\/pages"}],"about":[{"href":"https:\/\/emmaus-elbeuf.com\/index.php?rest_route=\/wp\/v2\/types\/page"}],"author":[{"embeddable":true,"href":"https:\/\/emmaus-elbeuf.com\/index.php?rest_route=\/wp\/v2\/users\/1"}],"replies":[{"embeddable":true,"href":"https:\/\/emmaus-elbeuf.com\/index.php?rest_route=%2Fwp%2Fv2%2Fcomments&post=38"}],"version-history":[{"count":1,"href":"https:\/\/emmaus-elbeuf.com\/index.php?rest_route=\/wp\/v2\/pages\/38\/revisions"}],"predecessor-version":[{"id":39,"href":"https:\/\/emmaus-elbeuf.com\/index.php?rest_route=\/wp\/v2\/pages\/38\/revisions\/39"}],"wp:attachment":[{"href":"https:\/\/emmaus-elbeuf.com\/index.php?rest_route=%2Fwp%2Fv2%2Fmedia&parent=38"}],"curies":[{"name":"wp","href":"https:\/\/api.w.org\/{rel}","templated":true}]}}